0. What are the prime factors of k?
5
Let s be (-6)/5*(-20)/6. Let n(u) = -5*u**3 - 5*u**2 + 3*u**3 + s*u + u**3 - 6. List the prime factors of n(-6).
2, 3
Let l(n) = 2*n + 15. What are the prime factors of l(-5)?
5
Suppose 8 = d + 20. Let c = d + 25. List the prime factors of c.
13
Let t be 3*(5/3 - 2). Let c = t + -3. What are the prime factors of c/((-3)/(-6)*-2)?
2
Let s(z) = 6*z - 9. Let m be s(6). Suppose -3*x + f + m = x, 4*x + 4*f - 12 = 0. List the prime factors of x.
2, 3
Let d(i) = i + 9. Let b be d(-9). Suppose -3*t = x - 8, -3*x - 28 = -4*t - b*t. List the prime factors of (-22)/4*x/2.
11
Let x = 0 + 0. Let u = x + 2. What are the prime factors of u?
2
Suppose -3 = 4*b + 1. Let g = b + 3. Suppose g*w = -4*i + 12, 3*i = 5*w - 2*w - 27. What are the prime factors of w?
2
Suppose 6*s = 2*s - 16. Let x be ((-2)/(-6))/(3/(-63)). Let o = s - x. What are the prime factors of o?
3
Suppose -9 - 27 = -s. What are the prime factors of s?
2, 3
Let h(q) = q**3 - 8*q**2 + 4*q - 5. Let k(l) = l**2 - 6*l + 8. Let w be k(6). List the prime factors of h(w).
3
Let m = 15 + -6. Suppose m*b - 4*b - 160 = 0. List the prime factors of b.
2
Let k(d) be the first derivative of -d**3/3 + d**2/2 + 6*d - 2. What are the prime factors of k(0)?
2, 3
Let q(v) be the third derivative of -v**4/12 + 3*v**3/2 - 3*v**2. Let y be q(6). What are the prime factors of -3 - -23 - y - 3?
2, 5
Suppose 2*b = 242 + 70. What are the prime factors of b?
2, 3, 13
Let z be (-190)/(-50) + 2/10. List the prime factors of 212/7 + z/(-14).
2, 3, 5
List the prime factors of 272/24*6/4.
17
Suppose 2*i = -7*a + 2*a - 11, 5*a = -15. Let g(w) = 4*w - 1. Let q be g(i). Suppose -2*z + 17 + q = 0. What are the prime factors of z?
2, 3
Let m(r) = 3*r**2 - r + 3. Let h be m(-3). Let l = h - 8. What are the prime factors of l?
5
Suppose 17 = 5*v - 123. Suppose 0 = -a - 3*a + v. What are the prime factors of a?
7
Let x(g) be the second derivative of -5*g**3/3 - g**2/2 - 2*g. List the prime factors of x(-2).
19
Suppose -4*w = 24 - 136. List the prime factors of w.
2, 7
Let b be 12*4/(-12)*-3. Suppose -b = -h - h. What are the prime factors of h?
2, 3
List the prime factors of (-7)/(7/4) + 43.
3, 13
Let v = 8 - 8. Suppose v*k = -k + 6. List the prime factors of k.
2, 3
Let x(s) = -s + 4. Let i be x(4). Suppose i = 3*h - 1 - 38. List the prime factors of h.
13
Suppose 0 = -5*n + 8 + 7. Let k = 42 - 11. Suppose n - k = -2*z. What are the prime factors of z?
2, 7
Suppose -48 = -5*a + 112. Suppose a = 3*l - 19. Suppose 0 = -4*v - z + l, 1 = -2*v - 2*z + 5. What are the prime factors of v?
5
Suppose 4*i - 8 = -0. Suppose 4*k + 5*r = 32, i*r = 5*k - r - 3. What are the prime factors of k?
3
Suppose 3*i = 4*i + 3. Let z = 6 + i. Suppose 7 = -z*m + 25. What are the prime factors of m?
2, 3
Suppose 0 = k - 3*o + 17 - 5, 0 = 3*o - 12. Suppose k = b - 3*b + 14. List the prime factors of b.
7
Let q = 21 - -35. What are the prime factors of q?
2, 7
Let p = 99 - 51. What are the prime factors of p?
2, 3
Suppose 3*y = -0*y + 3. Let q(u) = 3*u. Let i be q(y). List the prime factors of 1/i + 29/3.
2, 5
Let p = -24 - -11. Let l be (p + 1)/((-2)/8). Suppose 2*v + 2*v - l = 0. List the prime factors of v.
2, 3
Let t(c) = -3*c - 3. Suppose -3*w = -17 + 2. Suppose 4*x = -3*i - 27, w*i - 2*i + 3 = 4*x. List the prime factors of t(x).
2, 3
Let q be (-1)/2 + 246/12. Suppose 0 = t + 6*z - z - q, -2*z = -2*t + 4. Suppose 8*i + 2*b - 26 = 4*i, t*i = -4*b + 37. What are the prime factors of i?
5
List the prime factors of 4/18 + 1591/9.
3, 59
Suppose 4*g = y - 6*y - 10, 0 = -2*g. What are the prime factors of 3*43/(-6)*y?
43
Let f be 0 + 6*(2 + 0). Suppose 3*o + 3 = -i, 7*o = -3*i + 2*o - 9. Let w = i + f. What are the prime factors of w?
3
List the prime factors of (2/4)/(4/360).
3, 5
Let k(u) = u**3 - 2*u**2 + 4*u - 7. What are the prime factors of k(3)?
2, 7
Suppose 696 = -8*a + 4152. List the prime factors of a.
2, 3
Let i = -18 - -92. List the prime factors of i.
2, 37
Let o = -8 - -10. List the prime factors of o.
2
List the prime factors of 452/12 - (-2)/(-3).
37
Let w(c) = -c**3 + 5*c**2 + 5*c + 5. Let u be w(6). List the prime factors of u/3 - 237/(-9).
2, 13
Suppose -80 = 5*z + 7*v - 2*v, v + 72 = -5*z. Let t be -2 + (-23 - (-2 - 0)). Let g = z - t. What are the prime factors of g?
3
Suppose 27 = -4*f - 1. Let t be (-10)/(1 + 9/f). Suppose -11 = 2*v - t. List the prime factors of v.
2, 3
Let o = -81 + 141. Suppose -3*m + o = 2*m. List the prime factors of m.
2, 3
Suppose 0 = -3*g - g + 16. Suppose -100 = -g*v - 0*v. List the prime factors of v.
5
Suppose 0 = -3*w + 2*p + 14 + 4, 5*w = -p + 17. Suppose w*l + l = 70. What are the prime factors of l?
2, 7
Suppose 2*t = 6 - 0, 2*a + 5*t = 127. What are the prime factors of a?
2, 7
Let m(g) = 6*g + 5. Let t = 2 + 3. Let h be m(t). Let a = -23 + h. What are the prime factors of a?
2, 3
Suppose 5*m - 2 = 23, 5*h - 5*m = 140. Let x = -23 + h. What are the prime factors of x?
2, 5
Let c = 8 - 6. Suppose 0*g - 4*g + c*j = 0, 5*g = 5*j + 5. Let w = 8 + g. What are the prime factors of w?
7
List the prime factors of ((-37)/3)/(10/(-30)).
37
Suppose 2*p = 2*r - 14 - 0, -5*p + 2*r - 44 = 0. Let k = 6 - p. What are the prime factors of k?
2
Let n = 324 - 181. List the prime factors of n.
11, 13
Let y = -6 + 34. Let o = 48 - y. What are the prime factors of o?
2, 5
Suppose -q + u + 6 = 0, -4*u + 0*u + 20 = 0. Let o(s) = -s**3 - 3*s**2 + 2. Let k be o(-3). Suppose -k*p = -3*p + q. List the prime factors of p.
11
Suppose 45 = -2*w - 3*w. Let u = w - -26. List the prime factors of u.
17
Suppose 0*k - 84 = -2*k. Let q = k + -29. Let g = q + -4. List the prime factors of g.
3
Let j(b) = 3*b - 4. What are the prime factors of j(9)?
23
Let b(h) = 3*h + h**2 + h + 3 + 1. Let d be b(-4). Suppose -2*k - d*z = z - 22, -2*k + 20 = 4*z. What are the prime factors of k?
2, 3
List the prime factors of (-16)/5*740/(-8).
2, 37
Let f(i) = -35*i - 2. What are the prime factors of f(-2)?
2, 17
Suppose -5*s - 2*a - 340 = 3*a, -5*s - 354 = -2*a. Let w be ((-8)/10)/((-4)/s). Let l = w + 24. What are the prime factors of l?
2, 5
Suppose -2*j - 5 = -3*j. Suppose 7 + j = 3*s. Let f = 12 - s. List the prime factors of f.
2
Suppose 0 = -c + 17 + 27. What are the prime factors of c?
2, 11
Let g(i) = i**3 - 10*i**2 + 10*i + 5. List the prime factors of g(9).
2, 7
Let v be 0/(3 + -3 - -1). Let m(w) = -w + 5. Let n be m(v). Suppose -n*s = -22 - 18. What are the prime factors of s?
2
Suppose -5*o - 42 = 3. Let g = -4 - o. Suppose -g*h = t - 19, -6*t = 3*h - 3*t - 21. List the prime factors of h.
3
Let k = 8 + 26. List the prime factors of (k/(-4))/(1/(-2)).
17
Let k = -40 - -67. List the prime factors of k.
3
Suppose 5*a + 93 = 4*f + 331, 209 = 4*a + 3*f. List the prime factors of a.
2, 5
Suppose -2*r + 2 = -8. Let s = r + -3. What are the prime factors of s?
2
List the prime factors of -6*((-225)/6)/3.
3, 5
Suppose -19*k - 58 = -21*k. What are the prime factors of k?
29
Let j(b) = -12*b - 39. List the prime factors of j(-15).
3, 47
Suppose -g + 4*u = -62, -g = -u + 5*u - 30. What are the prime factors of g?
2, 23
Let w(n) = -3*n**2 + 3 - 6*n - n**3 - 2*n**2 + 2*n. Let l be (0 - -1)*(-3 + -1). What are the prime factors of w(l)?
3
Let w(d) be the second derivative of -d**3/2 - 7*d**2/2 + d. Suppose 2*m + 3 = -7. List the prime factors of w(m).
2
Let y = -11 - -3. List the prime factors of (-106)/y + 1/(-4).
13
Let y(m) = m - 5. Let g be y(8). Suppose -g = 2*w - 11. List the prime factors of 10/w*(-16)/(-20).
2
Suppose n = -4*q - 40, -4*n - 5*q = -n + 127. What are the prime factors of n/6*6/(-4)?
11
Let v be (-1 + (-6)/(-9))*-45. What are the prime factors of 6/v - 83/(-5)?
17
Suppose 4*q - 15 = 49. What are the prime factors of q?
2
Let k = -53 - -127. Let w be (-6)/21 - k/(-14). Suppose -w*d = -d - 16. What are the prime factors of d?
2
Let u(s) = -s + 10. Let c(n) be the first derivative of -5*n - 2. Let m(p) = 7*c(p) + 3*u(p). What are the prime factors of m(-5)?
2, 5
Let y(u) = -u**3 + u**2 + 2*u. What are the prime factors of y(-3)?
2, 3, 5
Let l = -1 + 7. Suppose -o - 150 = -l*o. What are the prime factors of ((-4)/(-6))/(4/o)?
5
Suppose 2*y + 0*y - 35 = 5*r, 2*r = -4*y + 10. Suppose -y*m = -3*a - a - 